 j?
23
Let v(g) = g**3 + 11*g**2 - 10*g + 11. Let i be v(-11). Calculate the highest common divisor of i and 11.
11
Suppose -3*v = 184 + 176. Let a = v - -201. What is the highest common factor of 9 and a?
9
Let g = 43 + -33. Calculate the highest common divisor of 10 and g.
10
Let h(a) = -6 + 7 + 8 + 4*a. Let t be h(9). Let d be (-1*1)/(4/(-20)). Calculate the highest common factor of d and t.
5
Suppose 2*x + 3*x - 115 = 0. Calculate the greatest common factor of 161 and x.
23
Suppose -5*s = -0*s. Suppose s = 4*g + g - 150. Suppose 3*j = 3*c - 126, 5*c + 51 = -3*j + 285. What is the highest common divisor of c and g?
15
Let t be ((-2)/(-4))/((-1)/(-4)). Suppose 115 = 3*m + t*m. Suppose 3*n - 25 = m. Calculate the greatest common divisor of n and 40.
8
Let r be -1 + 2/3 + (-175)/(-21). What is the greatest common divisor of 20 and r?
4
Suppose 4*s - 10 = -34. Let i be (-152)/(-24) - 4/s. Suppose -5*n + 51 = -54. Calculate the greatest common factor of i and n.
7
Let a(p) = 3*p**2 - 6*p - 3. Let g be a(6). Suppose 0*v = v - g. Suppose -n + v = -0*n. What is the greatest common factor of n and 23?
23
Suppose 3*m - 3*q = 31 - 7, 4*q + 45 = 5*m. Let i(g) = 3*g**2 - g + 2. Let f be i(6). What is the greatest common divisor of f and m?
13
Suppose 0 = 6*f - f - 180. Let x be 6/27 + 424/f. What is the greatest common factor of x and 24?
12
Let l = 12 + 10. Suppose 3*h - 28 - 137 = 0. What is the greatest common factor of l and h?
11
Suppose 2*x - 650 = -3*x. Suppose -4*u + 482 = -h, -3*u + 2*u + 5*h = -x. What is the highest common factor of 15 and u?
15
Suppose 0 = -6*y - 3*y + 234. Calculate the greatest common factor of 26 and y.
26
Let i = -14 - -28. Let f = 101 + 53. What is the greatest common factor of i and f?
14
Let k(l) = 8*l - 5. Let x be k(4). Suppose 2*t - 274 = -2*s, s + 6*t = 3*t + 141. Calculate the highest common factor of s and x.
27
Let b = -64 + -50. Let a be 6*((-109)/(-3) - -1). Let u = b + a. Calculate the highest common divisor of 10 and u.
10
Let y(c) = 5*c**3 + c**2 - c - 1. Let s be y(-1). Let l = s - -8. What is the highest common factor of 12 and l?
4
Let g be (3 - 0) + 6 + -5. Suppose -2*o + g*o = 122. Let x = o - 39. Calculate the highest common divisor of x and 22.
22
Suppose 126 + 314 = 4*p. What is the greatest common divisor of p and 10?
10
Suppose -n + 28 = 4. Let w(a) = -5*a - 34. Let l be w(-8). What is the greatest common factor of l and n?
6
Suppose 10*s - 7*s = 9. Suppose 4*f - 264 = 4*v, s*v + v = 12. Calculate the highest common factor of f and 46.
23
Suppose -y + 15 = -0*y. Suppose 3*l - 40 = -0*l + 2*z, 0 = l - z - y. What is the greatest common divisor of 2 and l?
2
Suppose f = 5*b - 3*f + 21, 5*b + 3*f = 7. Let i be (10/4)/(b/(-22)). What is the highest common divisor of 11 and i?
11
Let z(p) = 3*p**3 - 5*p**2 + 5*p - 4. Let n be z(4). Let j(u) = -u - 3. Let s be j(-7). Suppose n = -2*o + s*o. What is the greatest common factor of o and 8?
8
Suppose 2*r = 17 - 5. Let t = r - 5. What is the highest common divisor of t and 11?
1
Let p = -30 - -49. What is the greatest common divisor of 57 and p?
19
Let c(m) = -m**3 + 8*m**2 + 8*m + 16. Let l be c(9). Let r be 56 - (-1 + 1)/(-3). What is the highest common factor of r and l?
7
Let z(a) = a**2 - 10*a + 12. Let r be z(8). Let d be (r/(-12))/((-2)/(-12)). Let v be 1/(4/44) - -3. What is the greatest common factor of v and d?
2
Let u(s) = 3*s - 2. Let n be u(-2). Let l = 15 + n. What is the highest common divisor of 35 and l?
7
Suppose -n = 2 - 35. Suppose -10*p + 11*p = 33. Let v = p + -11. What is the highest common divisor of v and n?
11
Let n(p) = 2*p**2 - 7*p. Let u be n(4). What is the greatest common divisor of u and 6?
2
Let f(s) = s**3 + 9*s**2 + 9*s + 11. Let i be f(-8). Calculate the greatest common divisor of i and 27.
3
Let f(d) = d**3 - 6*d**2 - 8*d + 6. Let y be f(7). Let s(g) = -65*g - 1. Let n be s(y). Suppose 32 = 2*o + 2*o. What is the highest common factor of o and n?
8
Suppose -2*j = 33 - 89. Calculate the highest common factor of 84 and j.
28
Suppose -3*k = -2*u + 21, 4*u = k - 4*k + 51. Let o(v) = -v**3 + 8*v**2 + v - 4. Let g be o(8). What is the highest common divisor of g and u?
4
Let a(u) = 3*u**2 + u - 7. Let s be ((-2)/(-4))/(2/(-20)). Let o be a(s). Suppose -d = -2*d + 9. What is the greatest common divisor of d and o?
9
Let g = -58 - -76. Calculate the highest common divisor of 126 and g.
18
Let h(o) = o**2 - 4*o. Let v be h(5). Suppose -4*t - 4*a + 8 + 48 = 0, 52 = v*t - a. What is the highest common factor of 1 and t?
1
Let d(v) = v**2 - 3*v - 11. Let y be d(6). Calculate the greatest common divisor of 1 and y.
1
Let g be 1 - 7/((-7)/10). Suppose -484 = -4*u - 0*u. Calculate the greatest common divisor of g and u.
11
Suppose 7 = -21*n + 28*n. Let x = 18 - 10. What is the greatest common factor of n and x?
1
Let u be (-213 - -9)*-1 + 4/1. What is the highest common factor of u and 13?
13
Let y be -4*1/(-12)*84. Let c = 142 + -72. Calculate the highest common factor of y and c.
14
Let i = -487 - 253. Let z be 3/4 + i/(-16). Suppose 0 = 3*r - 49 - z. Calculate the highest common divisor of r and 16.
16
Suppose -114 = -2*j - z + 3*z, -2*j + 3*z + 113 = 0. Suppose -5*x - 4*t = -j, -3*t - 14 = -x - x. Calculate the highest common factor of 40 and x.
10
Let x be ((-4)/10)/((-2)/10). Let b be (-12)/(-9)*36/4. Suppose x*z - 5*n = -10*n + 24, -b = -z - 5*n. What is the greatest common factor of 4 and z?
4
Let f(y) = y + 4. Let z be f(8). Calculate the greatest common factor of z and 72.
12
Let n = 5 - 8. Let u be 3 - 0/(0 + n). Suppose -u*y + 80 = y. Calculate the highest common factor of 8 and y.
4
Suppose -2*x + 16 = -32. Suppose 2*r - 46 = 74. Calculate the greatest common divisor of x and r.
12
Let j be 1/((-13)/4 - -3). Let v = j + 22. Let q(w) = -w**3 - 5*w**2 + 4*w. Let s be q(-6). Calculate the greatest common divisor of s and v.
6
Let p(z) = 2*z + 6. Let a be p(-3). Suppose -2*x - 5*g + 13 = a, -5*g - 4 = x - 3. Calculate the greatest common factor of x and 7.
7
Let w be (-3)/((-4)/88*2). What is the highest common divisor of 22 and w?
11
Let b = -2 + 1. Let r be (2 + b)/(2 + -1). Calculate the greatest common factor of 2 and r.
1
Let o be -2 - (-2 - 5/1). Let y(z) = -z**2 - 12*z - 3. Let l be y(-11). Let x = l + -3. What is the highest common divisor of x and o?
5
Let p be 19/5 + (-5)/(-25). Suppose 0 = y - 5, x + p*y = 45 - 14. Let q be 1/(2 - (-109)/(-55)). What is the highest common factor of q and x?
11
Suppose p + 63 = 15. Let g = 98 + p. Calculate the highest common factor of g and 10.
10
Suppose -d + 89 = -j, -2*j - 122 = -d - 32. Suppose 4*c = -c + 40. What is the greatest common factor of d and c?
8
Let j = 25 + -17. Let g(o) = -o**3 + o**2 - o + 72. Let h be g(0). Calculate the highest common factor of j and h.
8
Suppose 0*h = -5*h + 3*q - 12, -2*h + 2*q - 8 = 0. Suppose h = -k + 3*k - 160. Calculate the highest common divisor of k and 16.
16
Let z be ((-3)/2)/1*-8. What is the greatest common factor of 3 and z?
3
Suppose 2*m - 19 = -7. Calculate the highest common factor of m and 6.
6
Suppose 3*f - 4*u = 20, -10 = 4*f + 3*u + 5. Suppose -4*d + 56 = -f*d. Calculate the highest common factor of d and 154.
14
Let d be 518/49 + 6/14. What is the greatest common divisor of d and 121?
11
Let d(g) = g**3 + 14*g**2 + 12*g - 8. Let z be d(-13). What is the highest common divisor of z and 2?
1
Let g(x) = -9*x - 1. Let d be g(-1). Suppose 7*f - 160 = 3*f. What is the highest common factor of d and f?
8
Suppose -3*z + x - 4*x = -63, 2*x - 61 = -3*z. Let c(j) = j + 8. Let p be c(-6). Suppose -46 + 198 = p*d. Calculate the highest common factor of d and z.
19
Let m(k) = k**3 - 2*k**2 - 3. Let d be m(3). Suppose 8*w = 3*w + 15, -4*p = 3*w - 129. What is the highest common factor of p and d?
6
Let n be (-1)/(-1 - (-46)/48). Suppose 0*v - 130 = -2*v - 5*o, 3*v = -o + 182. What is the highest common divisor of n and v?
12
Let v(g) be the first derivative of -g**2 + 2*g + 1. Let u be v(-2). Suppose 2*h + u = -2*z - 3*h, 2*h + 4 = 0. What is the highest common divisor of z and 4?
2
Let k(m) = 7*m**2 + 5*m + 9. Suppose -3*p + 18 = -6*p. Let y be k(p). Calculate the greatest common factor of y and 21.
21
Let k(p) = -8*p + 27. Let l be 